{"id":12,"date":"2018-10-25T13:43:22","date_gmt":"2018-10-25T13:43:22","guid":{"rendered":"http:\/\/localhost\/hotelTubarao\/?page_id=12"},"modified":"2024-09-02T19:24:11","modified_gmt":"2024-09-02T19:24:11","slug":"acomodacoes","status":"publish","type":"page","link":"https:\/\/www.hoteltubarao.com.br\/index.php\/acomodacoes\/","title":{"rendered":"Acomoda\u00e7\u00f5es"},"content":{"rendered":"<h3>Nossos quartos s\u00e3o divididos em:<\/h3>\n<ul>\n<li><strong>Individual:\u00a0<\/strong>1 cama de solteiro<\/li>\n<li><strong>Duplo:\u00a0<\/strong>1 cama de casal<\/li>\n<li><strong>Triplo:\u00a0<\/strong>1 cama de casal e 1 cama de solteiro<\/li>\n<li><strong>Qu\u00e1druplo:\u00a0<\/strong>2 camas de solteiro e 1 cama de casal<\/li>\n<\/ul>\n<p>A grande maioria dos quartos possui varanda com uma aconchegante rede.<\/p>\n<h3>Quartos com:<\/h3>\n<ul>\n<li>Ar condicionado;<\/li>\n<li>TV;<\/li>\n<li>Frigobar;<\/li>\n<li>Telefone;<\/li>\n<li>Internet.<\/li>\n<\/ul>\n<h2 style=\"text-align: center;\">Galeria de Fotos<\/h2>\n\n\t\t<style type=\"text\/css\">\n\t\t\t#gallery-1 {\n\t\t\t\tmargin: auto;\n\t\t\t}\n\t\t\t#gallery-1 .gallery-item {\n\t\t\t\tfloat: left;\n\t\t\t\tmargin-top: 10px;\n\t\t\t\ttext-align: center;\n\t\t\t\twidth: 16%;\n\t\t\t}\n\t\t\t#gallery-1 img {\n\t\t\t\tborder: 2px solid #cfcfcf;\n\t\t\t}\n\t\t\t#gallery-1 .gallery-caption {\n\t\t\t\tmargin-left: 0;\n\t\t\t}\n\t\t\t\/* see gallery_shortcode() in wp-includes\/media.php *\/\n\t\t<\/style>\n\t\t<div id='gallery-1' class='gallery galleryid-12 gallery-columns-6 gallery-size-thumbnail'><dl class='gallery-item'>\n\t\t\t<dt class='gallery-icon landscape'>\n\t\t\t\t<a href='https:\/\/www.hoteltubarao.com.br\/wp-content\/uploads\/2018\/10\/DSC0255.jpg'><img loading=\"lazy\" decoding=\"async\" width=\"150\" height=\"150\" src=\"https:\/\/www.hoteltubarao.com.br\/wp-content\/uploads\/2018\/10\/DSC0255-150x150.jpg\" class=\"attachment-thumbnail size-thumbnail\" alt=\"\" \/><\/a>\n\t\t\t<\/dt><\/dl><dl class='gallery-item'>\n\t\t\t<dt class='gallery-icon landscape'>\n\t\t\t\t<a href='https:\/\/www.hoteltubarao.com.br\/wp-content\/uploads\/2018\/10\/DSC07252.jpg'><img loading=\"lazy\" decoding=\"async\" width=\"150\" height=\"150\" src=\"https:\/\/www.hoteltubarao.com.br\/wp-content\/uploads\/2018\/10\/DSC07252-150x150.jpg\" class=\"attachment-thumbnail size-thumbnail\" alt=\"\" \/><\/a>\n\t\t\t<\/dt><\/dl><dl class='gallery-item'>\n\t\t\t<dt class='gallery-icon landscape'>\n\t\t\t\t<a href='https:\/\/www.hoteltubarao.com.br\/wp-content\/uploads\/2018\/10\/DSC07251.jpg'><img loading=\"lazy\" decoding=\"async\" width=\"150\" height=\"150\" src=\"https:\/\/www.hoteltubarao.com.br\/wp-content\/uploads\/2018\/10\/DSC07251-150x150.jpg\" class=\"attachment-thumbnail size-thumbnail\" alt=\"\" \/><\/a>\n\t\t\t<\/dt><\/dl><dl class='gallery-item'>\n\t\t\t<dt class='gallery-icon landscape'>\n\t\t\t\t<a href='https:\/\/www.hoteltubarao.com.br\/wp-content\/uploads\/2018\/10\/DSC07246.jpg'><img loading=\"lazy\" decoding=\"async\" width=\"150\" height=\"150\" src=\"https:\/\/www.hoteltubarao.com.br\/wp-content\/uploads\/2018\/10\/DSC07246-150x150.jpg\" class=\"attachment-thumbnail size-thumbnail\" alt=\"\" \/><\/a>\n\t\t\t<\/dt><\/dl><dl class='gallery-item'>\n\t\t\t<dt class='gallery-icon landscape'>\n\t\t\t\t<a href='https:\/\/www.hoteltubarao.com.br\/wp-content\/uploads\/2018\/10\/DSC07245-1.jpg'><img loading=\"lazy\" decoding=\"async\" width=\"150\" height=\"150\" src=\"https:\/\/www.hoteltubarao.com.br\/wp-content\/uploads\/2018\/10\/DSC07245-1-150x150.jpg\" class=\"attachment-thumbnail size-thumbnail\" alt=\"\" \/><\/a>\n\t\t\t<\/dt><\/dl><dl class='gallery-item'>\n\t\t\t<dt class='gallery-icon landscape'>\n\t\t\t\t<a href='https:\/\/www.hoteltubarao.com.br\/wp-content\/uploads\/2018\/10\/DSC07249-1.jpg'><img loading=\"lazy\" decoding=\"async\" width=\"150\" height=\"150\" src=\"https:\/\/www.hoteltubarao.com.br\/wp-content\/uploads\/2018\/10\/DSC07249-1-150x150.jpg\" class=\"attachment-thumbnail size-thumbnail\" alt=\"\" \/><\/a>\n\t\t\t<\/dt><\/dl><br style=\"clear: both\" \/><dl class='gallery-item'>\n\t\t\t<dt class='gallery-icon landscape'>\n\t\t\t\t<a href='https:\/\/www.hoteltubarao.com.br\/wp-content\/uploads\/2018\/10\/DSC07250-1.jpg'><img loading=\"lazy\" decoding=\"async\" width=\"150\" height=\"150\" src=\"https:\/\/www.hoteltubarao.com.br\/wp-content\/uploads\/2018\/10\/DSC07250-1-150x150.jpg\" class=\"attachment-thumbnail size-thumbnail\" alt=\"\" \/><\/a>\n\t\t\t<\/dt><\/dl><dl class='gallery-item'>\n\t\t\t<dt class='gallery-icon landscape'>\n\t\t\t\t<a href='https:\/\/www.hoteltubarao.com.br\/wp-content\/uploads\/2018\/10\/DSC07247.jpg'><img loading=\"lazy\" decoding=\"async\" width=\"150\" height=\"150\" src=\"https:\/\/www.hoteltubarao.com.br\/wp-content\/uploads\/2018\/10\/DSC07247-150x150.jpg\" class=\"attachment-thumbnail size-thumbnail\" alt=\"\" \/><\/a>\n\t\t\t<\/dt><\/dl><dl class='gallery-item'>\n\t\t\t<dt class='gallery-icon landscape'>\n\t\t\t\t<a href='https:\/\/www.hoteltubarao.com.br\/wp-content\/uploads\/2018\/10\/DSC06274.jpg'><img loading=\"lazy\" decoding=\"async\" width=\"150\" height=\"150\" src=\"https:\/\/www.hoteltubarao.com.br\/wp-content\/uploads\/2018\/10\/DSC06274-150x150.jpg\" class=\"attachment-thumbnail size-thumbnail\" alt=\"\" \/><\/a>\n\t\t\t<\/dt><\/dl><dl class='gallery-item'>\n\t\t\t<dt class='gallery-icon landscape'>\n\t\t\t\t<a href='https:\/\/www.hoteltubarao.com.br\/wp-content\/uploads\/2018\/10\/DSC06275.jpg'><img loading=\"lazy\" decoding=\"async\" width=\"150\" height=\"150\" src=\"https:\/\/www.hoteltubarao.com.br\/wp-content\/uploads\/2018\/10\/DSC06275-150x150.jpg\" class=\"attachment-thumbnail size-thumbnail\" alt=\"\" \/><\/a>\n\t\t\t<\/dt><\/dl><dl class='gallery-item'>\n\t\t\t<dt class='gallery-icon landscape'>\n\t\t\t\t<a href='https:\/\/www.hoteltubarao.com.br\/wp-content\/uploads\/2018\/10\/DSC06279.jpg'><img loading=\"lazy\" decoding=\"async\" width=\"150\" height=\"150\" src=\"https:\/\/www.hoteltubarao.com.br\/wp-content\/uploads\/2018\/10\/DSC06279-150x150.jpg\" class=\"attachment-thumbnail size-thumbnail\" alt=\"\" \/><\/a>\n\t\t\t<\/dt><\/dl><dl class='gallery-item'>\n\t\t\t<dt class='gallery-icon landscape'>\n\t\t\t\t<a href='https:\/\/www.hoteltubarao.com.br\/wp-content\/uploads\/2018\/10\/DSC06303.jpg'><img loading=\"lazy\" decoding=\"async\" width=\"150\" height=\"150\" src=\"https:\/\/www.hoteltubarao.com.br\/wp-content\/uploads\/2018\/10\/DSC06303-150x150.jpg\" class=\"attachment-thumbnail size-thumbnail\" alt=\"\" \/><\/a>\n\t\t\t<\/dt><\/dl><br style=\"clear: both\" \/><dl class='gallery-item'>\n\t\t\t<dt class='gallery-icon landscape'>\n\t\t\t\t<a href='https:\/\/www.hoteltubarao.com.br\/wp-content\/uploads\/2018\/10\/DSC07253.jpg'><img loading=\"lazy\" decoding=\"async\" width=\"150\" height=\"150\" src=\"https:\/\/www.hoteltubarao.com.br\/wp-content\/uploads\/2018\/10\/DSC07253-150x150.jpg\" class=\"attachment-thumbnail size-thumbnail\" alt=\"\" \/><\/a>\n\t\t\t<\/dt><\/dl><dl class='gallery-item'>\n\t\t\t<dt class='gallery-icon landscape'>\n\t\t\t\t<a href='https:\/\/www.hoteltubarao.com.br\/wp-content\/uploads\/2018\/10\/DSC07255.jpg'><img loading=\"lazy\" decoding=\"async\" width=\"150\" height=\"150\" src=\"https:\/\/www.hoteltubarao.com.br\/wp-content\/uploads\/2018\/10\/DSC07255-150x150.jpg\" class=\"attachment-thumbnail size-thumbnail\" alt=\"\" \/><\/a>\n\t\t\t<\/dt><\/dl><dl class='gallery-item'>\n\t\t\t<dt class='gallery-icon landscape'>\n\t\t\t\t<a href='https:\/\/www.hoteltubarao.com.br\/wp-content\/uploads\/2018\/10\/DSC07256.jpg'><img loading=\"lazy\" decoding=\"async\" width=\"150\" height=\"150\" src=\"https:\/\/www.hoteltubarao.com.br\/wp-content\/uploads\/2018\/10\/DSC07256-150x150.jpg\" class=\"attachment-thumbnail size-thumbnail\" alt=\"\" \/><\/a>\n\t\t\t<\/dt><\/dl><dl class='gallery-item'>\n\t\t\t<dt class='gallery-icon landscape'>\n\t\t\t\t<a href='https:\/\/www.hoteltubarao.com.br\/wp-content\/uploads\/2018\/10\/DSC07257.jpg'><img loading=\"lazy\" decoding=\"async\" width=\"150\" height=\"150\" src=\"https:\/\/www.hoteltubarao.com.br\/wp-content\/uploads\/2018\/10\/DSC07257-150x150.jpg\" class=\"attachment-thumbnail size-thumbnail\" alt=\"\" \/><\/a>\n\t\t\t<\/dt><\/dl><dl class='gallery-item'>\n\t\t\t<dt class='gallery-icon landscape'>\n\t\t\t\t<a href='https:\/\/www.hoteltubarao.com.br\/wp-content\/uploads\/2018\/10\/DSC06299.jpg'><img loading=\"lazy\" decoding=\"async\" width=\"150\" height=\"150\" src=\"https:\/\/www.hoteltubarao.com.br\/wp-content\/uploads\/2018\/10\/DSC06299-150x150.jpg\" class=\"attachment-thumbnail size-thumbnail\" alt=\"\" \/><\/a>\n\t\t\t<\/dt><\/dl><dl class='gallery-item'>\n\t\t\t<dt class='gallery-icon landscape'>\n\t\t\t\t<a href='https:\/\/www.hoteltubarao.com.br\/wp-content\/uploads\/2018\/10\/DSC06331-Editado.jpg'><img loading=\"lazy\" decoding=\"async\" width=\"150\" height=\"150\" src=\"https:\/\/www.hoteltubarao.com.br\/wp-content\/uploads\/2018\/10\/DSC06331-Editado-150x150.jpg\" class=\"attachment-thumbnail size-thumbnail\" alt=\"\" \/><\/a>\n\t\t\t<\/dt><\/dl><br style=\"clear: both\" \/>\n\t\t<\/div>\n\n<h2><\/h2>\n<h2 style=\"text-align: center;\">Veja as acomoda\u00e7\u00f5es em 360 graus<\/h2>\n<h3>Tour 360 &#8211; Quarto Triplo<\/h3>\n<p><iframe loading=\"lazy\" style=\"border: 0;\" src=\"https:\/\/www.google.com\/maps\/embed?pb=!4v1540920728888!6m8!1m7!1sCAoSLEFGMVFpcE10SGFQWUViUkhFN1RXWDdJaXJ1SzFtTFlXM1pvbTJVdnY5NDhW!2m2!1d-5.884190236738627!2d-35.17079059034586!3f295.37497644017213!4f-13.027866901016239!5f0.4033872532055005\" width=\"100%\" height=\"500\" frameborder=\"0\" allowfullscreen=\"allowfullscreen\"><span data-mce-type=\"bookmark\" style=\"display: inline-block; width: 0px; overflow: hidden; line-height: 0;\" class=\"mce_SELRES_start\">\ufeff<\/span><\/iframe><\/p>\n<h3>Tour 360 &#8211; Varanda do Quarto Triplo<\/h3>\n<p><iframe loading=\"lazy\" style=\"border: 0;\" src=\"https:\/\/www.google.com\/maps\/embed?pb=!4v1540921882084!6m8!1m7!1sCAoSLEFGMVFpcE9YR3pBT0tXM3hGTUR5RmF2NWFvamc5YllXaTRsY19aSXdncHY5!2m2!1d-5.884233926495156!2d-35.17075303941965!3f1.05!4f-20.36!5f0.7820865974627469\" width=\"100%\" height=\"500\" frameborder=\"0\" allowfullscreen=\"allowfullscreen\"><span data-mce-type=\"bookmark\" style=\"display: inline-block; width: 0px; overflow: hidden; line-height: 0;\" class=\"mce_SELRES_start\">\ufeff<\/span><\/iframe><\/p>\n<h3>Tour 360 &#8211; \u00c1rea externa (Vista para as varandas dos quartos)<\/h3>\n<p><iframe loading=\"lazy\" style=\"border: 0;\" src=\"https:\/\/www.google.com\/maps\/embed?pb=!!4v1540922129716!6m8!1m7!1sCAoSLEFGMVFpcE1GRG5pYng3eE5HdDFDRXFld1RWMUwxWnRXdG5falhEemtyRFc1!2m2!1d-5.884299!2d-35.1709695!3f83.05438096827118!4f-1.6727124020604265!5f0.7820865974627469\" width=\"100%\" height=\"500\" frameborder=\"0\" allowfullscreen=\"allowfullscreen\"><span data-mce-type=\"bookmark\" style=\"display: inline-block; width: 0px; overflow: hidden; line-height: 0;\" class=\"mce_SELRES_start\">\ufeff<\/span><\/iframe><\/p>\n<p style=\"text-align: center;\"><a href=\"http:\/\/clientesinterativa.com.br\/dgt\/hoteltubarao\/novo\/index.php\/o-hotel\/\"><strong>Clique aqui e veja mais imagens 360 graus na p\u00e1gina &#8220;O Hotel&#8221;<\/strong><\/a><\/p>\n<hr \/>\n<h3>Condi\u00e7\u00f5es de Reserva:<\/h3>\n<ul>\n<li>As di\u00e1rias iniciam \u00e0s 14h (check-in) e se encerram \u00e0s 12h (check-out);<\/li>\n<li>Para garantia de reserva, solicitamos antecipa\u00e7\u00e3o de 50% do valor total da estadia. Faremos uma pr\u00e9 reserva e lhe enviaremos por e-mail os dados banc\u00e1rios para\u00a0confirma\u00e7\u00e3o do pagamento. O valor restante ser\u00e1 pago diretamente no hotel no momento do check-in;<\/li>\n<li>Caf\u00e9 da manh\u00e3 completo, incluso na di\u00e1ria;<\/li>\n<li>Cortesia para 1 crian\u00e7a de at\u00e9 5 anos, na mesma su\u00edte dos pais ou respons\u00e1veis. Necess\u00e1rio apresenta\u00e7\u00e3o da documenta\u00e7\u00e3o no momento do check-in;<\/li>\n<li>Consulte-nos sobre tarifas especiais para grupos e excurs\u00f5es;<\/li>\n<li>Formas de pagamento: Visa \/ Visa Electron \/ Mastercad \/ Maestro \/ Dinners\/ American Express \/ Cielo \/ Dep\u00f3sito Banc\u00e1rio;<\/li>\n<li>N\u00e3o aceitamos cheques.<\/li>\n<\/ul>\n","protected":false},"excerpt":{"rendered":"<p>Nossos quartos s\u00e3o divididos em: Individual:\u00a01 cama de solteiro Duplo:\u00a01 cama de casal Triplo:\u00a01 cama de casal e 1 cama de solteiro Qu\u00e1druplo:\u00a02 camas de solteiro e 1 cama de casal A grande maioria dos quartos possui varanda com uma aconchegante rede. Quartos com: Ar condicionado; TV; Frigobar; Telefone; Internet. Galeria de Fotos Veja as [&hellip;]<\/p>\n","protected":false},"author":1,"featured_media":131,"parent":0,"menu_order":0,"comment_status":"closed","ping_status":"closed","template":"page-acomodacoes.php","meta":{"_acf_changed":false,"_exactmetrics_skip_tracking":false,"_exactmetrics_sitenote_active":false,"_exactmetrics_sitenote_note":"","_exactmetrics_sitenote_category":0,"footnotes":""},"acf":[],"_links":{"self":[{"href":"https:\/\/www.hoteltubarao.com.br\/index.php\/wp-json\/wp\/v2\/pages\/12"}],"collection":[{"href":"https:\/\/www.hoteltubarao.com.br\/index.php\/wp-json\/wp\/v2\/pages"}],"about":[{"href":"https:\/\/www.hoteltubarao.com.br\/index.php\/wp-json\/wp\/v2\/types\/page"}],"author":[{"embeddable":true,"href":"https:\/\/www.hoteltubarao.com.br\/index.php\/wp-json\/wp\/v2\/users\/1"}],"replies":[{"embeddable":true,"href":"https:\/\/www.hoteltubarao.com.br\/index.php\/wp-json\/wp\/v2\/comments?post=12"}],"version-history":[{"count":49,"href":"https:\/\/www.hoteltubarao.com.br\/index.php\/wp-json\/wp\/v2\/pages\/12\/revisions"}],"predecessor-version":[{"id":319,"href":"https:\/\/www.hoteltubarao.com.br\/index.php\/wp-json\/wp\/v2\/pages\/12\/revisions\/319"}],"wp:featuredmedia":[{"embeddable":true,"href":"https:\/\/www.hoteltubarao.com.br\/index.php\/wp-json\/wp\/v2\/media\/131"}],"wp:attachment":[{"href":"https:\/\/www.hoteltubarao.com.br\/index.php\/wp-json\/wp\/v2\/media?parent=12"}],"curies":[{"name":"wp","href":"https:\/\/api.w.org\/{rel}","templated":true}]}}